= 48*v**2 + 950*v - 11039. Give m(-28).
-7
Let r(l) = 113*l**2 + 84*l - 285. Give r(-2).
-1
Let x(h) = -13*h**2 + 2611*h + 685. Calculate x(201).
283
Let i(j) = -907*j - 115189. Calculate i(-127).
0
Let g(h) = -127542*h - 35. Calculate g(0).
-35
Let a(x) = 2*x**2 - 787835*x - 28364659. Give a(-36).
-7
Let h(f) = -4*f**3 + 53*f**2 - 275*f + 3409. Give h(13).
3
Let m(l) = 58*l**3 - 988*l**2 + 53*l - 308. Determine m(17).
15
Let z(b) = -66602*b + 1665050. What is z(25)?
0
Let q(u) = -167*u + 4054. Give q(21).
547
Let j(m) = -1772*m - 65069. Give j(-36).
-1277
Let r(m) = 5*m**2 + 359*m - 63071. Give r(82).
-13
Let u(c) = 17*c**2 - 550*c + 200. Calculate u(32).
8
Let g(t) = -2*t**3 + 13*t**2 + 187*t + 25. Give g(-7).
39
Let j(v) = 2*v**3 - 2220*v**2 + 2569*v - 389287. Give j(1109).
-28
Let t(a) = a**2 - 22131*a + 2488040. Determine t(113).
6
Let m(z) = 5571*z - 83621. What is m(15)?
-56
Let a(d) = 8*d**3 - 210*d**2 - 302*d + 9219. What is a(26)?
15
Let m(f) = 14760*f**2 - 88559*f + 14. Determine m(6).
20
Let f(i) = -1451910*i - 33393932. Give f(-23).
-2
Let z(x) = -581*x + 24737. Determine z(41).
916
Let n(t) = 15*t**3 + 494*t**2 + 3697*t + 123092. Calculate n(-33).
2
Let f(i) = 363*i + 4553. Calculate f(-12).
197
Let v(z) = 23*z**3 + 36*z**2 + 228*z - 1133. What is v(5)?
3782
Let i(t) = t**3 - 41*t**2 + 432*t - 3681. Give i(31).
101
Let h(d) = 2*d**2 + 84*d - 2037. Determine h(-59).
-31
Let a(c) = 11*c**2 - 74*c + 32. Give a(8).
144
Let p(r) = -r**2 - 1219*r + 18609. Give p(15).
99
Let d(v) = 8835*v - 8822. What is d(1)?
13
Let k(g) = g**3 - 5*g**2 + 31*g - 665. Calculate k(17).
3330
Let g(r) = -r**3 + 35*r**2 - 128*r - 1921. Calculate g(28).
-17
Let j(u) = -u**2 - 67*u - 1587. Determine j(-34).
-465
Let p(j) = -3*j**3 - 572*j**2 + 189*j - 768. Calculate p(-191).
-386
Let v(l) = -5*l**3 + 524*l**2 - 1014*l + 62197. Give v(104).
5
Let g(h) = 14*h**2 + 316*h + 1336. Give g(-17).
10
Let i(o) = o**2 + 3371*o - 1400623. What is i(374)?
7
Let f(q) = -q**3 + 107*q**2 + 33*q - 3425. Determine f(107).
106
Let a(x) = -x**2 - 145*x + 62154. What is a(187)?
70
Let d(z) = -498*z + 96111. Calculate d(193).
-3
Let y(s) = s**3 + 17*s**2 - 248*s - 3. Give y(15).
3477
Let x(h) = -9*h**2 + 1486*h + 484. What is x(166)?
-844
Let q(s) = s**2 - 605*s - 3269. Calculate q(-5).
-219
Let s(b) = -10*b**3 - b**2 + 185*b + 186. Give s(-1).
10
Let k(t) = -2*t**3 + 50*t + 174. Give k(-5).
174
Let m(b) = 11803*b + 4260825. Give m(-361).
-58
Let a(k) = -389561*k - 2337394. Calculate a(-6).
-28
Let m(y) = -154*y + 2510. Give m(14).
354
Let q(c) = c**3 + 32*c**2 + 17*c - 709. Calculate q(-32).
-1253
Let m(n) = 45*n**2 - 1145*n - 2416. What is m(-2)?
54
Let w(y) = y**3 - 30*y**2 - 267*y + 44. Determine w(36).
-1792
Let b(o) = -260796*o - 3129552. Determine b(-12).
0
Let n(z) = 2*z**2 - 45*z - 1253. Determine n(-17).
90
Let o(s) = -130*s**2 - 131*s + 299. Give o(3).
-1264
Let t(i) = 42209*i + 759733. Determine t(-18).
-29
Let b(k) = -786*k - 13470. Calculate b(-17).
-108
Let r(q) = -11*q**3 - 19*q**2 + 284*q + 787. What is r(-3)?
61
Let i(z) = 3397*z + 53983. Give i(-16).
-369
Let c(s) = 2438*s + 48142. Give c(-20).
-618
Let n(g) = -2*g**2 + 402*g - 19787. Give n(102).
409
Let c(q) = 6*q**2 - 456*q - 5800. Determine c(-10).
-640
Let z(x) = 5*x**3 + 12*x**2 + 1293*x + 2568. What is z(-2)?
-10
Let g(i) = -1872*i**2 + 5603*i - 1. Give g(3).
-40
Let r(h) = h**3 + 44*h**2 + 483*h - 19. What is r(-18)?
-289
Let k(v) = -4577*v + 430218. What is k(94)?
-20
Let h(s) = -s**2 + 1330*s + 22900. Give h(-17).
1
Let d(l) = -577*l + 12239. Calculate d(21).
122
Let y(b) = b**2 + 312*b - 5608. Determine y(-329).
-15
Let z(w) = -27*w**3 + 2259*w**2 + 717*w + 3266. Determine z(84).
-10
Let a(r) = -12238*r + 4320021. What is a(353)?
7
Let b(z) = -z**3 - 10*z**2 + 42*z + 396. Give b(-6).
0
Let s(y) = 34*y**3 - 714*y**2 - 31*y + 74. Give s(21).
-577
Let v(m) = -34*m**2 + 3923*m + 16240. Determine v(-4).
4
Let p(h) = 8*h**3 + 50*h**2 + 11*h - 44. Give p(-8).
-1028
Let q(n) = n**3 + 3*n**2 + 332*n + 1345. Determine q(-4).
1
Let m(s) = 33*s**3 + s**2 + 38*s - 104. What is m(3)?
910
Let w(g) = 6*g**3 + 81*g**2 - 19*g + 15. Calculate w(-14).
-307
Let s(k) = -2*k**2 + 11212*k - 44816. Calculate s(4).
0
Let i(a) = 10*a**2 + 1808*a + 992. What is i(-181)?
1354
Let u(j) = -36*j**2 - 1489016*j + 1489016. Calculate u(1).
-36
Let a(n) = 4*n**2 - 765*n + 3935. Give a(186).
29
Let k(h) = 5*h**2 - 1447*h - 1396. What is k(290)?
-526
Let x(g) = 3719*g + 7784. Give x(-2).
346
Let d(a) = a**3 + 10*a**2 + 14836*a + 74061. Determine d(-5).
6
Let k(i) = 49662*i - 347642. Give k(7).
-8
Let k(s) = 2*s**3 - 39*s**2 - 127*s + 377. Determine k(22).
3
Let x(b) = 22365*b + 67082. Determine x(-3).
-13
Let s(g) = -8*g**2 - 4001*g - 519. Determine s(-500).
-19
Let f(o) = -1466*o - 11725. What is f(-8)?
3
Let b(x) = 7228*x - 43398. Calculate b(6).
-30
Let l(n) = 5*n**2 - 592*n - 1582. What is l(121)?
-9
Let q(o) = 283*o + 87418. Calculate q(-294).
4216
Let a(h) = -699084*h + 6990885. What is a(10)?
45
Let w(z) = 10*z**2 + 178*z + 541. Give w(-3).
97
Let o(b) = -5894*b + 106204. What is o(18)?
112
Let u(x) = x**3 + 170*x**2 + 828*x + 544. Determine u(-165).
49
Let d(q) = -222*q**2 + 16686*q + 50059. Give d(-3).
-1997
Let v(j) = -7668*j + 70200. Calculate v(9).
1188
Let p(u) = -14*u**2 + 1734*u - 132. Give p(124).
-380
Let s(b) = 153*b - 1869. Determine s(16).
579
Let p(a) = -a**2 + 985*a + 35714. What is p(-35)?
14
Let i(p) = 25770*p + 5695207. Determine i(-221).
37
Let c(d) = d**2 + 331*d - 38364. Calculate c(91).
38
Let l(g) = -1145*g - 10726. Calculate l(-9).
-421
Let w(n) = n**2 - 127*n + 3388. Calculate w(106).
1162
Let w(i) = -643*i - 18544. Determine w(-30).
746
Let l(y) = 96*y - 684. What is l(24)?
1620
Let p(n) = 9*n**2 - 713*n - 4420. What is p(85)?
0
Let s(z) = z**2 + 9813*z - 423808. What is s(43)?
0
Let w(r) = r**3 + 46*r**2 + 14*r - 167. What is w(-47)?
-3034
Let j(h) = -h**3 + 34*h**2 + 323*h - 7136. Calculate j(12).
-92
Let c(q) = 4342*q + 32908. What is c(-7)?
2514
Let l(d) = d**2 + 506*d + 61252. Calculate l(-305).
-53
Let b(d) = -4238*d - 67943. What is b(-16)?
-135
Let h(l) = 1780*l - 67643. Determine h(38).
-3
Let j(w) = 853*w - 688. Calculate j(0).
-688
Let y(n) = 232*n**3 - 6*n**2 + n + 22. Give y(-2).
-1860
Let g(b) = 34*b**2 + 841*b - 20259. What is g(15)?
6
Let x(s) = s**2 + 144*s + 967. Determine x(-145).
1112
Let c(j) = -6*j**2 - 3065*j + 19133. Calculate c(-517).
4
Let y(b) = -44*b**3 - 186*b**2 + 602*b + 789. Calculate y(-1).
45
Let z(c) = -31*c**3 + 20*c**2 - 34*c + 17. Calculate z(1).
-28
Let r(c) = -100*c + 12214. Determine r(113).
914
Let i(q) = q**3 - 344*q**2 - 285*q - 20706. Determine i(345).
-6
Let q(p) = 2141*p**2 - 29952*p - 299. Give q(14).
9
Let w(u) = -64399*u + 708373. Give w(11).
-16
Let g(b) = -34405*b - 2373925. What is g(-69)?
20
Let o(d) = 110*d + 10245. Calculate o(-89).
455
Let a(d) = 3*d**2 - 202*d - 529. Determine a(69).
-184
Let s(u) = 44*u**2 - 2088*u - 1413. Determine s(48).
-261
Let y(b) = 3*b**3 - 61*b**2 - 189*b + 133. Determine y(23).
18
Let g(o) = -o**3 - 29*o**2 + 395*o - 1052. Calculate g(4).
0
Let p(r) = 274721*r + 1923071. Calculate p(-7).
24
Let h(j) = -j**3 - 116*j**2 + 327*j + 24644. Calculate h(-117).
74
Let a(s) = 2*s**3 + 78*s**2 + 151*s - 26. Determine a(-37).
-137
Let g(h) = -8*h**3 - 92*h**2 - 76*h - 8. Determine g(-9).
-944
Let u(y) = 36281*y - 326513. Calculate u(9).
16
Let d(j) = -6616*j**2 - 138951*j - 311. Calculate d(-21).
4
Let s(c) = -37*c**2 + 86*c - 164. What is s(-8)?
-3220
Let y(p) = 602*p - 9172. Determine y(14).
-744
Let a(b) = 12*b**2 + 5104*b - 185432. Give a(-459).
4
Let u(a) = -9033*a - 171580. What is u(-19)?
47
Let w(c) = 94454*c + 1228134. What is w(-13)?
232
Let x(m) = 2*m**2 - 8*m - 1195. What is x(29)?
255
Let d(c) = -c**2 - 3033*c + 36551. What is d(12)?
11
Let a(w) = -251329*w + 251128. Calculate a(1).
-201
Let j(h) = 2561*h - 25643. What is j(10)?
-33
Let i(b) = 294*b + 12265. Determine i(-43).
-377
Let x(w) = -720*w**3 + 2*w**2 + 256*w + 254. Determine x(-1).
720
Let b(t) = -t**3 + 32*t**2 - 115*t + 649. Give b(29).
-163
Let d(m) = m**3 + 171*m**2 - 7641*m - 5. Calculate d(0).
-5
Let o(j) = -135850*j + 679258. Determine o(5).
8
Let u